e the remainder when 29 is divided by 16 + (-1)/(l/1).
12
Let p be 4/(-144)*-4 + (-46)/9. Let u = p + 8. What is the remainder when 9 is divided by u?
0
Suppose -v = -4*q - 13, v - q + 23 = 33. Let z = 351 - 237. What is the remainder when z is divided by v?
6
Let f be (-5)/(-1) + (-792)/8. Let m = f + 119. What is the remainder when 74 is divided by m?
24
Let u be 38 + (3 - 3) + -1. Suppose -a + 40 = 2*a + 2*q, 0 = -3*a - 5*q + u. Suppose 0*z + 106 = 2*z. What is the remainder when z is divided by a?
11
Let y = 764 + -694. Calculate the remainder when 134 is divided by y.
64
Let t be ((-11)/3)/(-6 - 1525/(-255)). Let m = t - 141. What is the remainder when m is divided by 10?
6
Let y = 281 - 235. What is the remainder when y is divided by 12?
10
Let n be (0 + 4)*(13 + -18). What is the remainder when -3*n/75*100 is divided by 21?
17
Let a = 32 + -22. Let v(k) = -k**3 + 11*k**2 - 4*k - 4. Suppose 114 = -b + 7*b. What is the remainder when v(a) is divided by b?
18
Let m(j) = 213*j - 19. Let b be m(3). Suppose 4*d + 224 - b = -4*x, -406 = -4*x + d. Calculate the remainder when x is divided by 26.
23
Suppose -21 = -4*n - 1. Let t be 1*(-11 - 4)/(-5). Suppose -3*z - 2*z = -x + t, -9 = -3*x + n*z. Calculate the remainder when 7 is divided by x.
1
Suppose 5*o - 1794 = -1184. What is the remainder when o is divided by 59?
4
Suppose -68 = -k + 131*u - 132*u, -331 = -5*k + 4*u. Calculate the remainder when 222 is divided by k.
21
Suppose 4*z - 96 = 52. What is the remainder when z is divided by 10?
7
Let z be (-7)/1*18/21. Let x(q) = -4*q - 12. Suppose o - 5 = -0, -k - 4 = -5*o. What is the remainder when k is divided by x(z)?
9
Suppose 1 = -q + 5. Suppose 0 = 3*r + 4*z - 24, 0 = r + 2*r - q*z. What is the remainder when 13 is divided by (-34)/(-6) + r/(-6)?
3
Suppose -2*p - 2*a = -20, 17*p + 2*a = 12*p + 53. Calculate the remainder when 18 is divided by p.
7
Let d(h) = -h**3 + 8*h**2 - 7*h + 10. Let t be d(7). Suppose -4*g + x + 70 - t = 0, g = -3*x + 2. What is the remainder when 80 is divided by g?
10
Let m be (12/8)/((-1)/(-6)). Let g = m + -10. Calculate the remainder when 93 is divided by (4/(-10))/(g/40).
13
Let b(r) = -4*r**2 - r - 9. Let a(l) = l**2. Let i(y) = -5*a(y) - b(y). What is the remainder when i(0) is divided by (-2)/5 - (-264)/60?
1
Suppose -5*j + 4*j + 5*f + 45 = 0, f = 3*j - 205. What is the remainder when j is divided by 4?
2
Let w be (14 - 2)/(-3) + 9. Suppose w*y - 4*b = -5*b + 169, 5*b + 141 = 4*y. What is the remainder when 169 is divided by y?
33
Let f = 85 + -51. Let j(h) = h**3 - 4*h**2 + 4*h - 4. Calculate the remainder when f is divided by j(4).
10
Let x = 569 - 252. What is the remainder when x is divided by 102?
11
Let s(j) = j**2 + 6*j. Let m = 24 + 5. Calculate the remainder when m is divided by s(-8).
13
Let k = 157 + -40. Let m = k + -30. Calculate the remainder when m is divided by 22.
21
Let g(i) = 0*i**2 - 8*i + 3*i**2 - 2*i**2. Let l(b) = b**3 + 11*b**2 + 9*b. Let h be l(-10). What is the remainder when 37 is divided by g(h)?
17
Let w(s) = s**3 + 6*s**2 + 6*s + 7. Let p be w(-5). Suppose -p*x + 28 = -b, x + 5 - 22 = -b. Let r = 8 + 0. What is the remainder when x is divided by r?
7
Let w = 29 + -25. Suppose -c - 5*d + 39 = 10, c = -w*d + 25. What is the remainder when 35 is divided by c?
8
Let a = 75 + -42. Let q(f) = f**2 + 9*f + 3. Let d be q(-9). Suppose 4*i - d*i = 2*s + 19, -40 = -5*i - s. What is the remainder when a is divided by i?
6
Suppose -t = -m - 73, -5*m = t - 3*m - 76. Let b = 141 - t. What is the remainder when b is divided by 17?
16
Suppose 0 = -34*u + 31*u + 423. What is the remainder when u is divided by 16?
13
Suppose -2*r + 4*r = 34. Suppose 60 = 2*m + 3*m. Suppose m*q = 15*q - 18. What is the remainder when r is divided by q?
5
Let n(z) = -2*z**3 - 3*z**2 + 7*z + 8. Let o be n(-3). Suppose -o = -2*x + 10. Calculate the remainder when x is divided by 5.
2
Suppose -2*j + 143 = 5*g - 547, -g - 2*j = -146. Suppose g = -0*b + 4*b - 4*a, 5*b - 206 = -4*a. Calculate the remainder when b is divided by 21.
17
Suppose 0 = -25*l + 836 + 3189. What is the remainder when l is divided by 55?
51
Suppose -5*w - f = -185, 2*f = w + 4*f - 37. Suppose 5*q - w - 53 = 0. What is the remainder when 5340/75 - (-2)/(-10) is divided by q?
17
Let x = -1237 - -1356. Calculate the remainder when 224 is divided by x.
105
Suppose 2*b + 7 = s, 2*b = -3*b + 25. Let y(d) = 13*d - 54. What is the remainder when y(8) is divided by s?
16
Suppose -3 - 17 = -5*c. Suppose 5*v + l = 149, 4*v + c*l = v + 86. Let p = 11 + -3. What is the remainder when v is divided by p?
6
Let v(g) = -9*g**3 + g - 1. Let f be v(1). Suppose 3*o = -2*t + 28 + 42, 0 = 2*o - 3*t + 1. What is the remainder when o is divided by (-6)/(-27) - 43/f?
1
Suppose -2*b = -3*y + 83, y = 2*y + 5*b - 22. Let a = 34 - 20. Calculate the remainder when (-118)/(-3) + (-9)/y is divided by a.
11
Let x(g) = 46*g**2 - 4*g + 3. Let h be 2/8*10/(-15)*-6. What is the remainder when 267 is divided by x(h)?
42
Suppose 2*p - 278 = -4*m, 0 = -4*m - p + 187 + 92. What is the remainder when m is divided by 24?
22
Suppose -8*t + 1154 + 3310 = 0. What is the remainder when t is divided by 56?
54
Suppose 4 = w - 1, -5*f + 70 = w. Calculate the remainder when 42 is divided by f.
3
Calculate the remainder when (-3*(-2)/(-12))/((-2)/696) is divided by 60.
54
Suppose -130 = -5*c - 2*w, -2*c + 48 = -3*w - 4. Suppose 0 = -m - 2 + c. Suppose -68*k - 38*k + 7314 = 0. Calculate the remainder when k is divided by m.
21
Let n(h) = 5*h**2 + h - 5. Let i be -3 - (0 + -1) - -4. What is the remainder when n(-3) is divided by 4/i + 1 - -10?
11
Let o(p) = -p**3 + 35*p**2 + 4*p - 19. What is the remainder when o(35) is divided by 15?
1
Suppose -4*u = -5*a - 215, -3*u - 5*a + 165 = -8*a. Suppose 5*r - 48 = -0*k - 4*k, -5*k + 4*r = -u. Calculate the remainder when 81 is divided by k.
9
Suppose -3*k + 57 = -0*k. Suppose s = -3*n + 11, 0*s - 4*n + 13 = 3*s. Calculate the remainder when k is divided by (7 - (s + 4))*11/4.
8
Let g = 646 - 439. Calculate the remainder when 8/18 + 2599/g is divided by 8.
5
Let u = 21 - 40. Let s = u - -32. What is the remainder when s is divided by 9?
4
Let v(y) = y**2 + 5*y + 4. Let c be v(-5). Suppose 3*b + 94 = c. Let u = b - -48. What is the remainder when u is divided by 5?
3
Let u(r) = -36*r - 1. Let c(d) = 13*d + 344. Calculate the remainder when u(-1) is divided by c(-25).
16
Let h = 19 - 15. Let a be (-4)/6*3/(-2). Calculate the remainder when (a - -1) + 5 + 0 is divided by h.
3
Let w be (-35)/(-10)*16/14. Suppose -u = 3*q - 24, 1 = -q + w*u - 4. What is the remainder when q is divided by 5?
2
Let o(p) = 24*p**2 - 4*p + 44*p**2 - 5 + 31*p**2. Calculate the remainder when o(-1) is divided by 52.
46
Let u(c) = -2*c**2 + 0*c**3 - 5 + c**3 + 7*c**2 - 3*c. What is the remainder when 1152/42 - 12/(-21) is divided by u(-5)?
8
Let u(t) = t**3 - 7*t**2 - 7. Let c be u(7). Let s = -3 - c. Suppose 5*i = -5*f + 49 + 36, 2*i = f - 11. Calculate the remainder when f is divided by s.
3
Suppose 0*f + 5*f = 50. Suppose -4*j = -2*w - f, 2*j + 2*w - 9 = 5. Suppose -7 = -b - j. Calculate the remainder when 17 is divided by b.
2
Let x = 473 + -350. What is the remainder when x is divided by 7?
4
Let j = 1477 + -536. What is the remainder when j is divided by 21?
17
Let m(u) = u**3 + 19*u**2 - 24*u + 1. What is the remainder when m(-20) is divided by 17?
13
Let x(r) = -6*r**2 - 21*r + 25. Let q(n) = -7*n**2 - 21*n + 24. Let l(z) = -5*q(z) + 6*x(z). What is the remainder when 28 is divided by l(-22)?
4
Suppose 10*w - 4*w = 30. Calculate the remainder when 17/(-1)*(w + -7) is divided by 10.
4
Let g = -29 + 17. Let f = g + 14. Suppose 2*w = -2*z + 46, -2*z - 14 - 36 = -f*w. Calculate the remainder when 94 is divided by w.
22
Suppose 127*d - 107*d - 260 = 0. What is the remainder when 0 - -50 - (2 + 0) is divided by d?
9
Let x(a) = 3*a**2 - 19*a + 7. Calculate the remainder when x(8) is divided by 14.
5
Calculate the remainder when (91 - -2) + 9/(72/32) is divided by 25.
22
Let n(f) = 145*f + 13. What is the remainder when n(3) is divided by 50?
48
Suppose 5*l = -10 + 335. Let y = l - 54. What is the remainder when y is divided by 3?
2
Let l(q) = q**2 - 3*q - 2. Let z be l(4). Suppose 0 